 Suppose -2 = -u*k + 2*z, -4 = -5*k + 4*z - 3. Suppose 5 - k = 4*b. What is the units digit of b?
1
Suppose -3*f + 2*f + s - 87 = 0, -3*f - 255 = -s. Let w = 123 + f. What is the tens digit of w?
3
Suppose -3*l + 0*l - 2*a - 10 = 0, 2*l + 2*a = -8. Suppose 3*p - 3 = 6. What is the units digit of p/6*l*-5?
5
Suppose 0 = 5*b - 4*b. Let t(q) = q**3 + 4. What is the units digit of t(b)?
4
What is the units digit of (-279)/6*(0 - 2)?
3
Suppose -4*v - 1 = 6*o - 3*o, v = -o + 1. Let l = v - -4. Suppose 0 = 4*u - l*u - x - 48, 0 = u - x - 15. What is the units digit of u?
1
Let t = -12 - -19. Suppose -3*l + t*l = 40. What is the units digit of l?
0
Let k(f) = -f**3 + 4*f**2 - 4*f + 2. Suppose -3*b + b = 2*t - 4, 3*b - 4 = -2*t. Let u be k(t). Suppose -u*m = -19 + 7. What is the units digit of m?
6
Let g(q) = 2*q + q**2 - 1 - 6*q - 2 + 0*q**2. What is the units digit of g(6)?
9
Let g = -1 - -3. Suppose -g*n - 30 = -2*r, -3*r = 5*n - 40 - 21. What is the units digit of r?
7
Suppose 0 = -4*f + 23 - 7. Let z(o) = -o**2 + 3*o + 5. What is the units digit of z(f)?
1
Let l be 2/(-3) - 16/(-6). Suppose -x + 1 = 0, o + 8 = l*x + 3*x. What is the tens digit of ((-16)/5)/(o/15)?
1
Let d = -35 + 55. Suppose 44 = 4*q - d. What is the tens digit of q?
1
Let o = 6 + -3. Suppose -5*t + o = -32. Suppose 3*v - 16 = -t. What is the units digit of v?
3
Let y(n) = -n**2 + 6*n + 7. Let i be y(7). Suppose -h + 0 + 3 = i. Suppose -w - 2*o + 1 = 0, -4*o - 6 = w - h. What is the units digit of w?
5
Let w(y) = y**2 + 8*y + 6. Let m be w(-8). Suppose -f = -2*c + 95, -5*c = -m*f + 2*f - 245. What is the units digit of c?
5
Let x(v) be the first derivative of v**3/3 + 2*v**2 - 6*v - 1. Suppose 4*p + 5*m + 8 + 5 = 0, 0 = 5*p + 3*m + 26. What is the units digit of x(p)?
5
Suppose -3*w + 1 = 2*q - 0*q, -3*w - 4*q - 7 = 0. Suppose 6*g = 3*g. Suppose l + t + 3*t + 15 = g, -w*t = -3*l + 30. What is the units digit of l?
5
Suppose -6*c + 339 = -1275. What is the hundreds digit of c?
2
Let n(b) = 13*b - 3*b**3 + 5*b**2 + 2*b**3 - 4*b - 7. Suppose 4*p + 4*q - 8 = 0, 2 + 0 = -3*p - 5*q. What is the tens digit of n(p)?
1
Suppose -2*o = -74 - 24. What is the tens digit of o?
4
Let c(g) = 14*g**2 + 2*g - 1. What is the hundreds digit of c(3)?
1
Suppose 17 = -j + 99. What is the units digit of j?
2
Let u(j) be the third derivative of -j**7/5040 + j**5/60 + 2*j**2. Let z(m) be the third derivative of u(m). What is the units digit of z(-2)?
2
Let h(w) = 52*w**2 - 6*w + 7. What is the tens digit of h(1)?
5
Suppose 3*q = -4*r + 237, -73 - 32 = -2*r + 3*q. What is the tens digit of r?
5
Let d = -1 - -3. Let c(a) = 1 - d + 2*a + 0. What is the units digit of c(5)?
9
Let g be -3 + (14 - -1) + -3. Suppose -12 = -4*c + 5*c - 4*f, 0 = 4*c - 3*f + g. Suppose -20 = 2*w - 4*w - 4*j, w + 5*j - 13 = c. What is the units digit of w?
8
Suppose a - 96 = -a. What is the units digit of a?
8
Let t be 27/18*28/3. Let h(m) = t + m - 5 - 13. What is the units digit of h(6)?
2
What is the tens digit of 1/(0 - (-4)/328)?
8
Suppose -4 = -3*i - 2*m + 11, 3 = 4*i - 3*m. Let k(a) be the second derivative of a**4/12 - 2*a**3/3 + 2*a**2 - a. What is the units digit of k(i)?
1
Let s(x) = -3*x - 16. Let i be s(-8). What is the units digit of (20/i + -3)*-6?
3
Let k(w) be the third derivative of -w**6/120 + 7*w**5/60 + w**4/24 - w**3 + 2*w**2. What is the units digit of k(7)?
1
Let n(c) = 2*c + 3. Let j = -7 + 15. What is the units digit of n(j)?
9
Let o be -6*((-3)/(-6))/(-1). Suppose o*r = 2*r - 2*f - 6, -r + 14 = -3*f. Suppose 0 = -p + 5 - r. What is the units digit of p?
3
Let y(f) = f**3 - 9*f**2 - 9*f - 4. Let c be y(10). What is the units digit of c - (-2)/6*-3?
5
Suppose 6*i = 3*i + 12. Suppose 0 = -4*p + 8*p + 4*u - i, 3*u + 6 = 0. Suppose p*a = -5*o + 40, 4*o + 3*a - 30 = o. What is the units digit of o?
5
Let x be 16/6*9/6. Let y = x - 0. What is the tens digit of (y/6)/((-2)/(-39))?
1
Suppose k = -3*m - 1 - 1, k + 1 = -2*m. Let n = m + 3. Suppose 5*o + n - 17 = 0. What is the units digit of o?
3
Suppose -2*n + 5*d - 28 + 86 = 0, 38 = 2*n + 5*d. What is the tens digit of n?
2
Let t = 87 - 84. What is the units digit of t?
3
Let f = -25 + 178. What is the units digit of f?
3
Let u be 1 - 3 - -3 - 4. Let l = 11 + u. What is the units digit of l?
8
Let q = -3 + 5. Let g be (-5)/(-3) + q/(-3). Suppose 0 = 2*m - 3 + g. What is the units digit of m?
1
What is the tens digit of (-6)/(-2) + -4 + 62?
6
Let q = 5 - 3. Suppose -q*k - 2*k = -24. What is the units digit of (0 - 1)/((-2)/k)?
3
Let h(w) = -w**2 - 5*w - 2. Let o be h(-7). Let t = 28 + o. What is the tens digit of t?
1
Suppose 2 = 2*a - 8. Suppose -2*t + 7*t - 180 = a*d, -4*d = -t + 48. What is the tens digit of ((-25)/20)/((-2)/t)?
2
Let u = -5 - -9. Suppose -u*n + 0 = 4. What is the units digit of (n - -2)/(2/14)?
7
Suppose -15 = -5*r + 5. Suppose 0*a = -i + 2*a + r, 43 = 2*i + 3*a. What is the units digit of i?
4
Suppose -3*w - v = 4, -w + 0*w = 3*v + 12. What is the tens digit of (w - -3) + 16 - 1?
1
Let r = 11 + -6. What is the units digit of r?
5
Let a be (-17 + 1)*3/(-6). Suppose -3*k = -a + 2. Suppose 3*f - k*f = 12. What is the units digit of f?
2
Suppose -u = 3*u - 36. What is the units digit of u?
9
Suppose 4*f = -12, 17 = 2*b + f - 28. What is the tens digit of b?
2
Let k = 0 + 3. Suppose 145 = 3*f - k*y - 14, -y + 143 = 3*f. What is the tens digit of f?
4
Suppose -2*v = v - 63. Let b = -2 - -7. Suppose i - 6*i + z = -19, b*i + z = v. What is the units digit of i?
4
Let v be (27/(-18))/((-1)/30). Suppose -4*w + 87 = -v. What is the tens digit of w?
3
Let w = -85 + 141. What is the units digit of w?
6
Let f = 1 + -5. Let x = f - 9. Let v = 23 + x. What is the units digit of v?
0
Let u be (1 - -1)*3/(-6). Let p(v) = -16*v + 1. What is the units digit of p(u)?
7
Let z(f) = f**2 - 7*f - 4. Let h be z(8). Suppose 0 = a - h - 6. What is the tens digit of a?
1
Let z(f) = -f**3 + 11*f**2 + 14*f + 13. What is the units digit of z(12)?
7
Let k(u) = -5 + 2*u + 0*u - u + 16. What is the units digit of k(-6)?
5
Let v(x) = -x**3 - 2*x**2 - 3*x + 1. Suppose s = 6*s + 20. What is the units digit of v(s)?
5
Let i = -273 + 393. What is the hundreds digit of i?
1
Suppose 0 = 2*m - 5 - 1. Suppose -2*b = m*b - 230. What is the units digit of b?
6
Let l(o) = o**3 + 3*o**2 + 5*o**2 - o**2 - 9*o - 3. Let u be l(-8). Suppose -r + 3*r - 24 = -d, -r = u*d - 30. What is the units digit of r?
0
Let p be (-3 + 30/4)*-2. Let x = -6 - p. What is the units digit of x?
3
Let w(n) = -3*n + 1. What is the tens digit of w(-4)?
1
Let v(g) = -g - 3*g + 5*g. Let m be v(0). Suppose 2*j - 3*w + 3 - 32 = m, 3*j = 2*w + 36. What is the tens digit of j?
1
Let n = 159 + -63. What is the units digit of n?
6
Let r(b) = b**2 + 9*b + 2. Let g be r(-8). What is the units digit of (-2)/(-6) + g/(-9)?
1
Let t = 0 + -7. Let n = t - -1. What is the units digit of (-3)/(-9) - 4/n?
1
What is the tens digit of (-3)/(-4) + 1224/32?
3
Suppose 90 = 7*k - 4*k. What is the tens digit of k?
3
Suppose -5 = k, -134 = -5*u + 5*k + 546. What is the hundreds digit of u?
1
Suppose -3*s + 1 = 5*z, -z = -2*s - 5 - 3. Suppose 2 = -4*m - z. What is the units digit of m/(-2 + (-15)/(-9))?
3
Suppose -14 = -5*s + 1. Suppose 0 = 2*i - 9 + s. What is the units digit of (3/(-3))/(i/(-21))?
7
Let c be (-12)/21 + (-25)/(-7). Suppose -5*n - 3*t = -220, -5*t + 84 = 2*n - c*t. What is the units digit of n?
7
Let u(s) = s + 6. Let f be u(-6). Suppose f = t - 4*t. Suppose t = -2*q + k + 39, -3*q + 4*k = -8*q + 91. What is the tens digit of q?
1
Let m be -5 + 5/((-10)/(-4)). Let z be (m - -6) + -2 - -42. Suppose -z - 2 = -3*f. What is the units digit of f?
5
Suppose -a + 0*a - 2 = -2*x, 2*a - 2 = -2*x. Suppose 22 = -a*k + 2*k. What is the units digit of k?
1
Let q(f) = 4*f**2 - 3*f - 12. Let h(m) = -m**2 + m + 3. Let r(u) = -18*h(u) - 4*q(u). What is the tens digit of r(6)?
3
Suppose -21 + 1 = -q. What is the units digit of q?
0
Let q(f) = 2*f**2 - 2*f + 3. Let u be q(2). Let r(s) = -s**3 + 7*s**2 + s. What is the units digit of r(u)?
7
Suppose 4*z - 937 = -5*r, 3*r - 373 = r - z. What is the hundreds digit of r?
1
Let r = 11 + -9. What is the tens digit of ((-1 - -10) + r)*1?
1
Let n = 113 - 34. What is the units digit of n?
9
Suppose 2